7*f - f. What is the remainder when 42 is divided by v(-1)?
12
Suppose -5*a - 11 = 3*q, 2*q - 3*q = -2*a - 11. Suppose 6*h - 7*h + 7 = 5*n, -q*n = -h + 15. What is the remainder when h is divided by 8?
4
Let b be -7*(-164)/42*3. Suppose 3*q + 26 + 27 = 2*i, -80 = -5*i - 3*q. What is the remainder when (68/10)/(b/615) is divided by i?
13
Suppose 5*v - 92 = v + 5*w, 5*v + 4*w = 115. Let c(n) = 10*n - 598. What is the remainder when c(68) is divided by v?
13
Let g be 43725/198 - (-5)/(-6). Calculate the remainder when (-2541)/(-10) - 22/g is divided by 15.
14
Suppose 0*z - b = 2*z - 14, -3*z = -b - 16. Let q(v) = -5 - 15 - v**2 + 136*v + 137*v + 128*v - 390*v. Calculate the remainder when 18 is divided by q(z).
8
Suppose y + v = 2, -4*y + 3*v - 6*v = -8. Suppose -16 = -12*j + 20. Suppose -5*w = f - 3*f - 44, y = w + j*f. What is the remainder when 31 is divided by w?
7
Suppose 4*s = -i + 57, -3*i = -i - 2. Let n(u) = u**3 + 110. Let g be n(0). Suppose -g - 124 = -9*j. What is the remainder when j is divided by s?
12
Calculate the remainder when (-995)/(-6)*(-7272)/(-3030) is divided by 111.
65
Suppose -3*n - 5*d = n - 34, -4*d = 5*n - 38. Suppose -r - n = 5*r. Calculate the remainder when 2 is divided by (r - -4 - 3) + 1.
0
Calculate the remainder when 148 + 5/10*(23 - 9) is divided by 39.
38
Let b(w) be the third derivative of w**4/6 + 37*w**3/6 + 2*w**2 + 25. What is the remainder when b(10) is divided by 13?
12
Calculate the remainder when (-259616)/(-616) - 6/(-11) is divided by 80.
22
Let w be 66/33*((-133)/2)/1. Let m = -131 - w. What is the remainder when 30 is divided by (10 + (-6)/2)*m - 3?
8
Let v(n) = 14*n**3 - n**2 + 2*n - 1. Let u = -3 + 4. Let g be v(u). Suppose -5*f - g = -12*f. What is the remainder when f is divided by 1?
0
Suppose 3*x + 2*x - 175 = -4*n, -3*x = -n - 122. Let c = x + -36. Suppose 212 = c*z + 47. What is the remainder when z is divided by 14?
13
Let u be 3/2 - ((-45)/2)/(-15). Suppose 2*a - 4 = 0, u = -4*f + 5*a + 305 + 881. Calculate the remainder when f is divided by 20.
19
Let w(l) = l**3 + 17*l**2 + 12*l - 254. Calculate the remainder when w(-13) is divided by 18.
14
Let s(a) = -9*a + 192. Let i be s(18). Suppose -i*v = -1286 - 2494. Calculate the remainder when v is divided by 33.
27
Calculate the remainder when 2601 is divided by ((-102)/15 - -8)/((-8)/(-140)).
18
Let r(g) be the second derivative of -8*g**3/3 - 73*g**2/2 - g - 22. Calculate the remainder when 319 is divided by r(-6).
20
Let p(m) = -m + 2. Let o be p(-3). Let x(u) = -167*u - 259. Calculate the remainder when x(-2) is divided by 68/o - (-9)/(-15).
10
Suppose 320 = -7*n - 128. Let m = n - -75. Calculate the remainder when 41 is divided by m.
8
Let h(v) be the second derivative of 5*v**3/6 + 3*v**2 + 2*v. Let r = -2719 - -2725. Calculate the remainder when 139 is divided by h(r).
31
Let n = 33408 - 33154. Calculate the remainder when n is divided by 236.
18
Let r = -6 + 9. Suppose 16 = 9*c - 20. What is the remainder when r + (8 - c/(-1)) is divided by 4?
3
Let v(g) = g**3 - 6*g**2 + 9*g + 4. Suppose -x + 177 = 3*b, 2*x - 462 = 5*b - 86. What is the remainder when x is divided by v(4)?
7
Let k(h) = h**3 - 4*h**2 - 2*h + 5. Suppose -940 = 11*i - 13*i. Suppose -69*x = -64*x - i. Calculate the remainder when x is divided by k(5).
14
Suppose 9 = -2*k + 13. Calculate the remainder when (k + (-204)/(-8))*192/40 is divided by 269/6 + 8/48.
42
Let m(o) = 4*o**2 + o - 15. Let j = 349 - 171. What is the remainder when j is divided by m(-3)?
16
What is the remainder when (-10)/(-8) - 1 - (69818/(-56) + 10) is divided by 618?
1
Let m(b) = b**3 + 2*b**2 - 27. Suppose -18*t = -44 - 10. Suppose 3*a + 5 = -2*a, 0 = 4*r + a - 39. Calculate the remainder when m(t) is divided by r.
8
Let y be (23 + (1 - 2))/(1/(-2)). Let u(m) = m**3 + 2*m**2 - 16. Let a be u(0). Let c = a - y. What is the remainder when 81 is divided by c?
25
What is the remainder when (-1 + (-178)/(-6))*3 is divided by ((-625)/(-100)*(-32)/(-140))/(2/35)?
11
Suppose 91*x + 101*x = 173*x + 24111. Calculate the remainder when x is divided by 10.
9
Suppose 0 = 65*l - 6944 + 5774. Let v = -611 + 860. Calculate the remainder when v is divided by l.
15
Suppose 3*a - 1031 = 556*m - 552*m, 2*a - 4*m = 682. Calculate the remainder when a is divided by 162.
25
What is the remainder when 7517 is divided by -17 - 6/(-10)*55?
13
Let c(v) = v**3 + 10*v**2 - 5*v - 23. Let x = 241 - 251. What is the remainder when 86 is divided by c(x)?
5
What is the remainder when ((-2198)/(-70))/(149/(-50) + 3) is divided by 388?
18
Let w(p) = 28*p + 0 + 2 - 5 - 33*p. Let f be w(-1). Suppose 490 = f*z + 8*z. Calculate the remainder when z is divided by 11.
5
Suppose -v = -u + 794 - 2161, 5*u - 1325 = -v. What is the remainder when v is divided by 76?
68
Let x(l) = 3*l**2 + 17*l - 6. Let d = 11 + -17. Let b be x(d). Suppose b = -3*t + 4*i + 110, 0*t + t - 37 = i. Calculate the remainder when 150 is divided by t.
36
Suppose -4*j - 43 - 55 = -2*w, -2*j = w - 17. Calculate the remainder when 624 is divided by w.
30
Let v = 209 + -191. Calculate the remainder when 18/(-12 + v)*(7 - 1) is divided by 3.
0
Let p be (-3)/(-1)*8/(-3). Let a be 14*(-12)/p - 0. Let w = a - -89. Calculate the remainder when w is divided by 28.
26
Suppose -2*c = 5*o - 0*c - 111, -5*o + 117 = -c. Let x(v) = o*v - v**2 - 4 - 1 + 2 - 5. Calculate the remainder when x(18) is divided by 29.
24
Suppose 2*u - 44 = -8. Suppose 0 = -33*b + 1224 + 492. Calculate the remainder when b is divided by u.
16
Let t(h) = -2*h**2 + 9*h**2 + 0*h + 15*h**3 + 5*h - 14*h**3 + 4. What is the remainder when 4/(-6) + (-236)/(-3) is divided by t(-6)?
8
Suppose 0 = 3*l - 9*l + 192. Suppose 37*w = l*w + 145. Let q = w + -25. Calculate the remainder when q is divided by 4.
0
Suppose 7*c = 8*c - 45. Calculate the remainder when (6/(-10))/((-1)/5) + 86 is divided by c.
44
Let t(k) = 4*k - 83. Let b = -122 + 202. Calculate the remainder when b is divided by t(31).
39
Let p be (-286)/110 + (-2)/5. Let i be -4 + (-234)/(-6 - p). Let m = i - 35. Calculate the remainder when m is divided by 10.
9
Let p = 80 - 55. Let r = 13 - 18. Calculate the remainder when p is divided by 3*(-15)/25*r.
7
Suppose -47 = -4*b - 58*u + 57*u, -4*u = -b + 16. Suppose -110*k + b = z - 111*k, -z = -3*k - 2. Calculate the remainder when 146 is divided by z.
10
Suppose -32*q = -26*q + 864. Let y(b) = b**3 + 9*b**2 - 3*b + 6. Calculate the remainder when y(-5) is divided by (-3648)/q - 2/6.
21
Let m = -1289 - -2291. Suppose y = 6*y - 910. Calculate the remainder when y is divided by m/27 - (-15)/(-135).
34
Suppose 21 = -5*x - 4*o + 170, 5*x - 101 = 4*o. Calculate the remainder when 598 is divided by x.
23
Let f(y) = -69*y + 7. Let g be f(7). Let h = g + 541. Calculate the remainder when h is divided by 22.
21
Let c be (-3 - -4)/(1/4) + 121. Suppose 29*g - c = 4*g. Calculate the remainder when 19 is divided by g.
4
Suppose 0*i + 129 = 2*d + i, -3*i + 257 = 4*d. Calculate the remainder when d is divided by (-56)/70*180/(-8).
11
Let m(w) = -2*w. Let p = 118 - 108. Let q(l) = l - 20. Let z be q(p). Calculate the remainder when m(z) is divided by 11.
9
Let w(m) = 31*m**2 + 231*m - 2189. What is the remainder when w(10) is divided by 62?
59
Suppose 3*l - 5*y - 211 = 0, -4*l - 7*y = -10*y - 263. Let x be 11/7 - 15/(-35). What is the remainder when l is divided by (-3)/x*(-64)/6?
14
Suppose -125*o = 42*o - 2479282. Calculate the remainder when o is divided by 135.
131
Let z = -49 + 69. Let t be 4*(3 + 0 - 55/z). What is the remainder when 19 is divided by -8*(4/8 - t)?
3
Suppose 3*o - 5*d = 3675, 2*o + 1245 = 3*o - 5*d. Calculate the remainder when o is divided by 18.
9
Let v(n) = -104*n + 49. What is the remainder when 504 is divided by v(-2)?
247
Let i be (4 - -4)/(2/100). Suppose i = 4*j - 0*j. Suppose 6*h = h + j. Calculate the remainder when 96 is divided by h.
16
Suppose 3*z = -3, 0 = -4*m - 5*z + 7*z + 3186. Let o = m + -787. Suppose 2*n - 8 = -0*n. Calculate the remainder when o is divided by n.
1
Let f = -4714 + 4721. Calculate the remainder when 692 is divided by f.
6
Let j = -30 + 32. Let l(k) = 10*k**2 - 3 + 3 + 4*k**j. What is the remainder when 27 is divided by l(1)?
13
Let q = -11 - -41. Suppose 23*v + 30 